{"id":1997,"date":"2019-09-12T10:41:11","date_gmt":"2019-09-12T08:41:11","guid":{"rendered":"http:\/\/translinkmaster.local\/?page_id=1997"},"modified":"2024-03-05T13:32:09","modified_gmt":"2024-03-05T12:32:09","slug":"nasze-specjalizacje","status":"publish","type":"page","link":"https:\/\/translinkmaster.com\/index.php\/nasze-specjalizacje\/","title":{"rendered":"Nasze specjalizacje"},"content":{"rendered":"<p>Pasjonuje nas obszar kolejnictwa, przemys\u0142u i unikalne rozwi\u0105zanie dedykowane, ka\u017cdy projekt traktujemy indywidualnie.<\/p>\n<figure><a href=\"https:\/\/translinkmaster.com\/index.php\/wsparcie-eksploatacyjne\/\"><img fetchpriority=\"high\" decoding=\"async\" src=\"https:\/\/translinkmaster.com\/wp-content\/uploads\/2019\/11\/pociag-1-300x195.jpg\" sizes=\"(max-width: 300px) 100vw, 300px\" srcset=\"https:\/\/translinkmaster.com\/wp-content\/uploads\/2019\/11\/pociag-1-300x195.jpg 300w, https:\/\/translinkmaster.com\/wp-content\/uploads\/2019\/11\/pociag-1-768x500.jpg 768w, https:\/\/translinkmaster.com\/wp-content\/uploads\/2019\/11\/pociag-1-1024x667.jpg 1024w, https:\/\/translinkmaster.com\/wp-content\/uploads\/2019\/11\/pociag-1-500x326.jpg 500w\" alt=\"\" width=\"300\" height=\"195\" \/><\/a><\/figure>\n<h5><a href=\"https:\/\/translinkmaster.com\/index.php\/wsparcie-eksploatacyjne\/\">Rozwi\u0105zania kolejowe<\/a><\/h5>\n<p>Rozwi\u0105zania informatyczne dedykowane dla firm transportowych, a w szczeg\u00f3lno\u015bci z bran\u017cy przewoz\u00f3w kolejowych.<\/p>\n<figure><a href=\"https:\/\/translinkmaster.com\/index.php\/oprogramowanie-dla-przemyslu\/\"><img decoding=\"async\" src=\"https:\/\/translinkmaster.com\/wp-content\/uploads\/2019\/07\/building-contemporary-factory-1468390-Copy-300x200.jpg\" sizes=\"(max-width: 300px) 100vw, 300px\" srcset=\"https:\/\/translinkmaster.com\/wp-content\/uploads\/2019\/07\/building-contemporary-factory-1468390-Copy-300x200.jpg 300w, https:\/\/translinkmaster.com\/wp-content\/uploads\/2019\/07\/building-contemporary-factory-1468390-Copy-768x512.jpg 768w, https:\/\/translinkmaster.com\/wp-content\/uploads\/2019\/07\/building-contemporary-factory-1468390-Copy-1024x683.jpg 1024w, https:\/\/translinkmaster.com\/wp-content\/uploads\/2019\/07\/building-contemporary-factory-1468390-Copy-500x333.jpg 500w\" alt=\"\" width=\"300\" height=\"200\" \/><\/a><\/figure>\n<h5><a href=\"https:\/\/translinkmaster.com\/index.php\/oprogramowanie-dla-przemyslu\/\">Oprogramowanie dla przemys\u0142u<\/a><\/h5>\n<p>Rozwi\u0105zania, s\u0142u\u017c\u0105ce zarz\u0105dzaniu zasobami i us\u0142ugami, umo\u017cliwiaj\u0105 dost\u0119p do wszystkich istotnych proces\u00f3w.<\/p>\n<figure><a href=\"https:\/\/translinkmaster.com\/index.php\/dedykowane-aplikacje\/\"><img decoding=\"async\" src=\"https:\/\/translinkmaster.com\/wp-content\/uploads\/2019\/07\/notebook-2386034_1920-300x200.jpg\" sizes=\"(max-width: 300px) 100vw, 300px\" srcset=\"https:\/\/translinkmaster.com\/wp-content\/uploads\/2019\/07\/notebook-2386034_1920-300x200.jpg 300w, https:\/\/translinkmaster.com\/wp-content\/uploads\/2019\/07\/notebook-2386034_1920-768x512.jpg 768w, https:\/\/translinkmaster.com\/wp-content\/uploads\/2019\/07\/notebook-2386034_1920-1024x683.jpg 1024w, https:\/\/translinkmaster.com\/wp-content\/uploads\/2019\/07\/notebook-2386034_1920-500x333.jpg 500w\" alt=\"\" width=\"300\" height=\"200\" \/><\/a><\/figure>\n<h5><a href=\"https:\/\/translinkmaster.com\/index.php\/dedykowane-aplikacje\/\">Dedykowane aplikacje<\/a><\/h5>\n<p>Nasza firma wychodzi naprzeciw problemom i proponuje adaptacje dedykowanych aplikacji dopasowanych do przedsi\u0119biorstwa.<\/p>\n","protected":false},"excerpt":{"rendered":"<p>Pasjonuje nas obszar kolejnictwa, przemys\u0142u i unikalne rozwi\u0105zanie dedykowane, ka\u017cdy projekt traktujemy indywidualnie. Rozwi\u0105zania kolejowe Rozwi\u0105zania informatyczne dedykowane dla firm transportowych, a w szczeg\u00f3lno\u015bci z bran\u017cy przewoz\u00f3w kolejowych. Oprogramowanie dla przemys\u0142u Rozwi\u0105zania, s\u0142u\u017c\u0105ce zarz\u0105dzaniu zasobami i us\u0142ugami, umo\u017cliwiaj\u0105 dost\u0119p do wszystkich istotnych proces\u00f3w. Dedykowane aplikacje Nasza firma wychodzi naprzeciw problemom i proponuje adaptacje dedykowanych aplikacji &hellip; <\/p>\n","protected":false},"author":9,"featured_media":0,"parent":0,"menu_order":0,"comment_status":"closed","ping_status":"closed","template":"","meta":{"_exactmetrics_skip_tracking":false,"_exactmetrics_sitenote_active":false,"_exactmetrics_sitenote_note":"","_exactmetrics_sitenote_category":0,"footnotes":"","_links_to":"","_links_to_target":""},"class_list":["post-1997","page","type-page","status-publish","hentry","latest_post","no_image"],"_links":{"self":[{"href":"https:\/\/translinkmaster.com\/index.php\/wp-json\/wp\/v2\/pages\/1997","targetHints":{"allow":["GET"]}}],"collection":[{"href":"https:\/\/translinkmaster.com\/index.php\/wp-json\/wp\/v2\/pages"}],"about":[{"href":"https:\/\/translinkmaster.com\/index.php\/wp-json\/wp\/v2\/types\/page"}],"author":[{"embeddable":true,"href":"https:\/\/translinkmaster.com\/index.php\/wp-json\/wp\/v2\/users\/9"}],"replies":[{"embeddable":true,"href":"https:\/\/translinkmaster.com\/index.php\/wp-json\/wp\/v2\/comments?post=1997"}],"version-history":[{"count":15,"href":"https:\/\/translinkmaster.com\/index.php\/wp-json\/wp\/v2\/pages\/1997\/revisions"}],"predecessor-version":[{"id":2493,"href":"https:\/\/translinkmaster.com\/index.php\/wp-json\/wp\/v2\/pages\/1997\/revisions\/2493"}],"wp:attachment":[{"href":"https:\/\/translinkmaster.com\/index.php\/wp-json\/wp\/v2\/media?parent=1997"}],"curies":[{"name":"wp","href":"https:\/\/api.w.org\/{rel}","templated":true}]}}